 (base 13) to base 14
-a548
86a9 (base 11) to base 10
11493
-101200 (base 4) to base 5
-13440
What is -4114 (base 6) in base 5?
-12120
-1433 (base 6) to base 12
-279
What is -63 (base 8) in base 13?
-3c
Convert 730 (base 8) to base 11.
39a
Convert 17427 (base 12) to base 10.
33439
-21140 (base 7) to base 10
-5222
Convert 306 (base 11) to base 16.
171
What is 1023320 (base 5) in base 10?
17335
What is 11211112 (base 3) in base 4?
313010
-3c2 (base 16) to base 13
-590
What is -52210 (base 6) in base 5?
-210430
Convert -2468 (base 11) to base 9.
-4367
4058 (base 12) to base 14
2788
What is -101000110 (base 2) in base 12?
-232
-11132 (base 4) to base 6
-1342
What is 20aa (base 11) in base 7?
11053
What is -271 (base 14) in base 4?
-13223
Convert 325 (base 10) to base 3.
110001
Convert -54014 (base 6) to base 2.
-1110010111010
-3210231 (base 4) to base 16
-392d
213113 (base 4) to base 11
1990
Convert -117036 (base 8) to base 13.
-15569
Convert -451135 (base 6) to base 16.
-93e3
Convert 13202322 (base 4) to base 6.
355030
Convert 6056 (base 12) to base 8.
24302
Convert -422 (base 15) to base 13.
-569
Convert -152e3 (base 15) to base 16.
-10a43
-3331 (base 11) to base 15
-147a
Convert 65036 (base 9) to base 6.
531140
What is -122110 (base 3) in base 5?
-3341
Convert 6745 (base 13) to base 8.
34126
What is -110011001100110 (base 2) in base 14?
-97a6
20120200 (base 3) to base 14
1a69
2cbd (base 15) to base 7
40033
What is -156255 (base 7) in base 10?
-31008
What is -121222100 (base 3) in base 5?
-344000
110101111 (base 2) to base 16
1af
-53a (base 15) to base 14
-604
What is 10110100 (base 3) in base 7?
10230
-2282 (base 13) to base 8
-11346
Convert 6653 (base 14) to base 8.
42461
-30010 (base 5) to base 11
-145a
What is -15a8 (base 14) in base 5?
-110442
Convert 16744 (base 9) to base 12.
681a
Convert -97a (base 14) to base 3.
-2120100
What is -2335 (base 6) in base 5?
-4223
-111100111100001 (base 2) to base 13
-11281
144b6 (base 12) to base 16
6eca
1012200021 (base 3) to base 8
56415
What is -21556 (base 7) in base 8?
-12467
170 (base 13) to base 5
2020
-10002022102 (base 3) to base 8
-166476
Convert -35e (base 16) to base 4.
-31132
2495 (base 12) to base 11
3129
Convert -6030 (base 7) to base 5.
-31304
What is -11100001110111 (base 2) in base 3?
-201211101
Convert 12311 (base 6) to base 5.
24333
-2834 (base 10) to base 9
-3788
13522 (base 6) to base 3
2221012
Convert 10100110000 (base 2) to base 9.
1735
What is 1aa05 (base 11) in base 16?
71ee
11001001 (base 2) to base 7
405
-122212100 (base 3) to base 10
-13023
3063 (base 8) to base 14
815
-412665 (base 7) to base 5
-4230111
What is 22 (base 11) in base 13?
1b
Convert -12d2 (base 15) to base 5.
-112042
What is -1110110000 (base 2) in base 14?
-4b6
-1011 (base 6) to base 11
-193
What is 1a15 (base 12) in base 11?
2436
bb (base 16) to base 8
273
What is -1f1 (base 16) in base 6?
-2145
Convert -1020021 (base 4) to base 9.
-6300
What is -3553 (base 9) in base 11?
-1a90
-1c03 (base 14) to base 6
-35335
-17113 (base 9) to base 12
-6979
What is -1101111 (base 2) in base 13?
-87
Convert -a45 (base 13) to base 5.
-23442
Convert 230354 (base 7) to base 14.
10d2b
Convert 1131312 (base 4) to base 10.
6006
-204330 (base 5) to base 2
-1101010111000
Convert 10002201 (base 3) to base 4.
203110
Convert 24a1 (base 11) to base 8.
6271
Convert -1111100 (base 2) to base 16.
-7c
-4429 (base 15) to base 14
-5395
What is 1386 (base 16) in base 10?
4998
Convert 26c (base 13) to base 14.
228
What is 1120021 (base 3) in base 4?
101311
1447 (base 16) to base 10
5191
c0 (base 15) to base 12
130
-3214 (base 8) to base 6
-11432
What is -1c16 (base 15) in base 11?
-4642
What is -86b (base 16) in base 9?
-2854
What is -1112014 (base 5) in base 2?
-100110010110010
Convert 1994 (base 11) to base 2.
100111011011
What is -2341 (base 15) in base 12?
-43ba
Convert -43c8 (base 15) to base 12.
-838b
Convert 1b92 (base 14) to base 16.
13a4
What is 12222 (base 6) in base 11?
13aa
What is 6cd (base 14) in base 5?
20412
What is -5b70 (base 14) in base 15?
-4aee
Convert -2a0 (base 16) to base 7.
-1650
Convert -87 (base 14) to base 16.
-77
32b4 (base 14) to base 8
21116
What is -124505 (base 6) in base 4?
-2302121
-166 (base 9) to base 12
-b9
-11222 (base 12) to base 10
-22778
What is -b04 (base 14) in base 10?
-2160
Convert -682 (base 9) to base 16.
-230
Convert -110010 (base 2) to base 13.
-3b
Convert -21202010 (base 3) to base 13.
-2754
Convert 1877 (base 11) to base 16.
94f
What is -1057 (base 8) in base 9?
-681
Convert 22200102 (base 3) to base 4.
1202321
56 (base 13) to base 10
71
54 (base 11) to base 9
65
What is -199c9 (base 13) in base 12?
-24b44
1011110001100 (base 2) to base 15
1bbd
-63340 (base 7) to base 8
-36372
What is 505513 (base 6) in base 3?
2001002000
Convert -46204 (base 10) to base 5.
-2434304
What is -1570 (base 9) in base 13?
-711
What is -11716 (base 9) in base 14?
-2c24
Convert -2015 (base 6) to base 2.
-110111011
Convert -38339 (base 10) to base 4.
-21113003
Convert -391 (base 13) to base 14.
-329
e8d (base 16) to base 13
1907
Convert 2641 (base 8) to base 7.
4126
Convert 97 (base 13) to base 3.
11121
Convert -21000 (base 3) to base 7.
-360
Convert -24a5 (base 12) to base 2.
-1000000111101
-21013 (base 6) to base 2
-101100000001
Convert -8f9 (base 16) to base 12.
-13b5
Convert 2491 (base 15) to base 4.
1321222
Convert 30010 (base 5) to base 11.
145a
Convert 10011001000010 (base 2) to base 11.
73a4
Convert -ac33 (base 15) to base 2.
-1000111010010010
What is -2131 (base 14) in base 12?
-3393
Convert 1030 (base 7) to base 8.
554
Convert 2873 (base 16) to base 11.
7864
What is 8826 (base 9) in base 16?
1968
Convert 459 (base 13) to base 6.
3250
Convert -64467 (base 10) to base 14.
-196cb
2031 (base 5) to base 15
12b
10111010010 (base 2) to base 5
21430
5d (base 16) to base 4
1131
10222002 (base 3) to base 2
101101001011
What is 1360 (base 9) in base 14?
534
-b1b (base 15) to base 11
-1974
What is -1a3 (base 16) in base 8?
-643
What is -1000100101010011 (base 2) in base 13?
-13003
-8c1 (base 16) to base 15
-9e6
Convert -214412 (base 5) to base 3.
-101021010
Convert 1bb9 (base 16) to base 8.
15671
What is -15756 (base 9) in base 16?
-2a48
Convert a75 (base 16) to base 9.
3604
111121 (base 3) to base 8
557
-1154 (base 6) to base 4
-10132
-1135 (base 6) to base 10
-275
-335 (base 7) to base 9
-212
Convert 302222 (base 4) to base 9.
4402
Convert -33131 (base 6) to base 9.
-6261
-2799 (base 10) to base 12
-1753
Convert 98b7 (base 13) to base 16.
531b
Convert -10112 (base 4) to base 12.
-1b2
-4405 (base 6) to base 11
-841
Convert -6469 (base 10) to base 3.
-22212121
Convert -602 (base 8) to base 13.
-239
Convert 110023 (base 4) to base 14.
683
Convert 68a6 (base 13) to base 16.
394e
What is -9 (base 14) in base 7?
-12
203102 (base 4) to base 6
14242
What is -6768 (base 9) in base 4?
-1032023
Convert 2131223 (base 4) to base 7.
41264
-36 (base 10) to base 3
-1100
Convert 168 (base 9) to base 4.
2033
What is 14301 (base 6) in base 13?
1057
Convert 2329 (base 13) to base 12.
2a34
-331312 (base 4) to base 15
-128d
What is -1112121001 (base 3) in base 8?
-73162
-d8b (base 16) to base 4
-312023
Convert -2567 (base 9) to base 2.
-11110000100
Convert 2003 (base 6) to base 14.
231
Convert 84 (base 11) to base 2.
1011100
Convert 2346 (base 8) to base 14.
658
Convert -55b (base 15) to base 14.
-627
Convert -1081 (base 9) to base 3.
-1002201
Convert 13239 (base 11) to base 6.
223330
Convert -10000000 (base 2) to base 16.
-80
-2010000011 (base 3) to base 10
-41557
1a246 (base 11) to base 7
145225
Convert 27427 (base 10) to base 2.
110101100100011
Convert -44b (base 14) to base 15.
-3bb
What is -3a9 (base 11) in base 2?
-111100010
What is -220 (base 15) in base 6?
-2120
52978 (base 10) to base 13
1b163
What is 11b31 (base 13) in base 15?
9a22
What is -25430 (base 7) in base 9?
-10212
3319 (base 11) to base 4
1010120
Convert -22738 (base 9) to base 4.
-3231032
Convert 23131 (base 4) to base 12.
511
a49 (base 15) to base 9
3156
What is 1000101010010 (base 2) in base 12?
2696
What is 5534 (base 9) in base 2?
111111110001
50952 (base 10) to base 9
76803
Convert -ed (base 15) to base 6.
-1011
What is 1001100010 (base 2) in base 13?
37c
Conve